u be z(6). Let g be 248/22 - (-6)/(-22). Let k = u - g. Calculate the greatest common divisor of k and 65.
5
Suppose -5*x - 37001 - 13125 = -2*z, 25107 = z + 3*x. What is the greatest common factor of z and 27?
27
Let z(t) = t**3 + 17*t**2 + 40*t + 17. Let v be z(-14). Suppose 5*s - 2*s + v = 5*p, 3*p - 27 = 3*s. Calculate the greatest common divisor of 99 and p.
9
Let f(v) = -v**2 - 55*v - 722. Let h be f(-28). Calculate the greatest common factor of h and 26.
2
Suppose 130*v - 490*v + 24950 + 7810 = 0. Calculate the greatest common factor of v and 2639.
91
Suppose -3*t - 30 + 105 = 0. Suppose -2805 - 1695 = -45*s. What is the greatest common factor of t and s?
25
Let g = 520 + -547. Let m be (-4886)/(-126) - 6/g. Calculate the greatest common divisor of m and 416.
13
Let a = -168 - -196. Let w = -484 - -1128. Calculate the greatest common divisor of a and w.
28
Suppose -4*b = -8, -144*q - 14 = -147*q - b. What is the greatest common divisor of q and 3432?
4
Let g be (-1 + -1 + 2)*(-1)/1. Suppose 4*b - 6*b + 240 = g. Calculate the greatest common divisor of b and 48.
24
Suppose 6 = 3*m + 4*p, 0*m = 5*m + 5*p - 10. Suppose 0 = 3*j - 2*x - 32, m*j - 5*x = 7*j - 45. What is the greatest common factor of j and 370?
10
Suppose 28*r + 643 = -5*r + 5659. Calculate the greatest common factor of 10 and r.
2
Suppose -8*g - 3 = -19. Suppose -g*k = k - 6. Suppose 4*l + k*l - 96 = 0. What is the highest common divisor of 8 and l?
8
Let w = 869 + -90. What is the highest common factor of 38 and w?
19
Suppose -2*o - 442 = -26*z + 22*z, 4*o = -2*z + 196. What is the greatest common factor of 32 and z?
4
Let z(b) = 38*b + 117. Let l be z(-3). Let g be (3/4)/l - (-1653)/76. Calculate the greatest common divisor of 4 and g.
2
Let d be 47/((-188)/(-6936)) - (4 - (0 + -2)). What is the greatest common factor of d and 198?
18
Let m(z) = 5*z**2 + 107*z + 52. Let p be m(-21). What is the highest common factor of 4115 and p?
5
Let l(r) = -r - 12. Let i be l(-11). Let k be -2*(11/2)/i. Let h be (-165)/6*24/(-30). Calculate the highest common divisor of h and k.
11
Let r = 240 + -238. Suppose -4*c + 236 = -p, r*c + 3*p = p + 128. Calculate the greatest common factor of 72 and c.
12
Suppose -v - 361 = -107. Let d = -134 - v. What is the highest common factor of d and 40?
40
Let d(o) = -o**2 + 7*o - 7. Let z be d(4). Suppose 0 = z*h - 4*x - 114, 6*h = 8*h - 3*x - 40. What is the highest common factor of h and 104?
26
Let w(k) = -1398*k + 4205. Let b be w(3). Calculate the highest common divisor of b and 3707.
11
Suppose 8*t + 638 - 1790 = 0. Suppose b + 5*b = t. Calculate the greatest common divisor of b and 120.
24
Let b be (18/18)/((-1)/(-6)*2). Suppose b*i = 2*i + 366. Suppose 2*f - f = 2*s - 255, -3*s = 4*f - i. What is the highest common divisor of s and 18?
18
Suppose -8*v = -5*v - 42. Let z be -1 - ((-10)/(3 + -1) - -2). Let l(x) = 28*x**2 + 4*x - 8. Let o be l(z). Calculate the highest common factor of o and v.
14
Let y(z) = 7*z + 4. Let w be y(4). Let i(j) = -1700*j - 15284. Let g be i(-9). Calculate the greatest common factor of g and w.
16
Suppose f - 436 = 4*m, 4*m = -f + 2*m + 430. Suppose 0 = -283*d + 278*d + 75. Suppose d*i - f = 6*i. Calculate the highest common divisor of 6 and i.
6
Let f(s) = -29*s - 33*s - 27*s + 240 + 94*s. Let u be f(-34). What is the highest common divisor of 210 and u?
70
Let s = 7075 - 7059. What is the greatest common divisor of 552 and s?
8
Suppose 65*r + 1249610 = 127*r. What is the highest common divisor of r and 29?
29
Let p = -1145 - -3026. What is the greatest common divisor of 198 and p?
99
Suppose 8 = 2*l + 3*m + 3, -l + 4*m = -19. Suppose l*j = -4*j + 924. What is the greatest common divisor of j and 24?
12
Suppose -3*w - 39558 = -3*d, -3172 = -d - 5*w + 9978. Calculate the highest common divisor of 80 and d.
20
Suppose -3768 + 744 = -4*l - 3*l. What is the highest common divisor of 43848 and l?
216
Suppose 5*u + 20 = 0, 5*u - 2054 = -3*b + b. Calculate the greatest common factor of 305 and b.
61
Let s(y) = 10*y**2 - 1. Let c be s(1). Suppose -270 = -5*d - 0*d. Suppose 5*k - 234 = -d. What is the greatest common factor of k and c?
9
Let m be 13/(-52) + (-4)/(-32)*2. Let z(c) = -c**2 + 2*c + 522. Let g be z(m). Calculate the highest common factor of g and 58.
58
Suppose -9*k + 630 + 5958 = 0. Let c = k - 429. Suppose -7*y + 33 = -c. Calculate the greatest common factor of 120 and y.
24
Let s(l) = 4 - 2*l + 2 + 6. Let j be s(10). Let m be j + 10 + 0 + 3. What is the highest common factor of 2 and m?
1
Let u = 58 - 15. Let i = u - 28. Suppose 103*s + 33*s = -11*s + 2205. What is the greatest common factor of s and i?
15
Let x(k) = -k - 7. Let f be x(-30). Suppose -f = -3*u - 4*a, -5*u + 20 = 4*a - a. What is the greatest common divisor of 4 and u?
1
Let i be (-12)/2 + 3 + 6 - (-4 - -2). What is the highest common factor of 4910 and i?
5
Suppose 5*n - 27 + 2 = 0. Let h(k) = 0*k - k**3 - k + 3*k + 12 + 4*k**2 + n*k**2. Let g be h(9). Calculate the highest common factor of 40 and g.
10
Let c be -7 + (-28 - -25)*-309. What is the greatest common divisor of c and 5336?
184
Let a = 53 - 50. Let d(u) = -12*u**a + 2*u + 10*u**3 - 10*u + 8 + 9*u**3 + 2*u**2. Let n be d(2). What is the greatest common factor of 7 and n?
7
Suppose 3*t = 2*a + 2*t - 47, 4*a - 91 = 5*t. Let f be ((-1)/(-3))/(4/a). Suppose 233 = f*b - 141. Calculate the highest common factor of 17 and b.
17
Let s(t) = -3*t**2 - 38*t + 275. Let m be s(-14). Calculate the highest common divisor of 41829 and m.
219
Suppose 555*o - 569*o = -14210. Calculate the highest common factor of 58 and o.
29
Let v be (-126 + 5 + 1)/(-1). Let j = -98 + v. Suppose -2*c + 313 = -39. Calculate the highest common factor of j and c.
22
Let s(k) = 5*k**2. Let m be s(-1). Suppose 0*q - 537 = -4*q + m*d, 0 = -5*q - 4*d + 620. Calculate the highest common factor of q and 16.
16
Let u be ((-15)/(-6))/(15/12). Suppose 6*r = u*r + 4*h - 80, r + 5*h = -32. Let n = 2 - r. Calculate the highest common divisor of 12 and n.
12
Let n be (-1250 + 5)*17/(-51). Let p be ((-166)/5)/((-3)/15). What is the highest common factor of p and n?
83
Suppose -2*o + 3*o = 144. Let d be (o/(-15))/((-15)/50). What is the highest common factor of 8 and d?
8
Suppose -3*f - 3*h = 2*f - 50681, 2*f - 20270 = -2*h. What is the highest common factor of f and 74?
74
Let d be (-6 + (-105)/(-18))*-6. Suppose 5*z = -2*q + 29, 2*z - d = q + 16. Let i = -1 + 8. Calculate the highest common factor of i and z.
7
Let i be ((-3216)/(-168))/((-3)/(-7))*3. What is the greatest common factor of i and 4?
2
Let i(s) = -5*s - 31. Let k be i(-7). Suppose -k*h + 1493 = -91. Let w be 3/(-42)*4 - h/(-14). Calculate the greatest common divisor of 28 and w.
28
Let z be 6881/(-63) - 4/(-18). Suppose -1808 = -14*x - 170. Let g = x + z. What is the greatest common divisor of 56 and g?
8
Let w(u) be the first derivative of 15/2*u**2 + 5*u - 5*u**3 + 36 - 1/4*u**4. Let m be w(-16). Calculate the highest common factor of 7 and m.
7
Suppose 34 = 3*w - 62. Let z be (24/(-18) - -1) + (-1)/(-3). Suppose 32 = 2*o + q, 2*q = 4*o - z*q - 64. What is the greatest common factor of w and o?
16
Let p be (-9)/(-9) + -1 + (1 - -179). Let g = 154 + -109. What is the highest common factor of g and p?
45
Suppose 0*p = 2*p - 32. Let h = -26 + p. Let v be (6 + -16)/(2/h). Calculate the highest common divisor of v and 10.
10
Let w(v) = 5*v**2 + 8*v - 62. Let m be w(5). Suppose 0 = -4*h + a + m, h - 28 = -3*a + a. What is the highest common divisor of 338 and h?
26
Let o be (2320/(-48))/(-2 + 1) - 1/3. Let h = 4 + -3. Let g be h + 1/((-3)/(-33)). Calculate the greatest common factor of g and o.
12
Suppose t - 153 = -3*b, t - 4*t = 3*b - 147. Let y(s) = 7*s - 4. Let o be y(2). Suppose -15*a + 65 = -o*a. Calculate the highest common factor of b and a.
13
Let n(g) = -3 - 65 + 19 - 61 - 12*g. Let j be n(-11). Calculate the greatest common factor of j and 11.
11
Let s = -35 + 203. Let q be 2/((-14)/s*(-16)/34). Calculate the highest common divisor of 136 and q.
17
Let m = -129 - -281. Suppose 120 = 537*p - 522*p. What is the highest common divisor of p and m?
8
Let o be ((-804)/8 + -7)*216/(-20). What is the greatest common factor of 86 and o?
43
Let j be (-117)/52 - (-936)